 l(0).
2, 3
Let t(b) be the third derivative of 17*b**5/60 + b**3/6 + 5*b**2. List the prime factors of t(1).
2, 3
Let u be (5/(-2) + 2)*-8. Suppose 0 = -u*k + 20 - 4. List the prime factors of k.
2
Suppose 4*l + 93 = l. Let t = l - -49. List the prime factors of t/(-8)*(-16)/6.
2, 3
Let z = -2 - -4. Suppose z*m - 2*x = 24, 3*x - 36 - 56 = -5*m. Suppose m = -2*q + 4*q. List the prime factors of q.
2
Let a(o) = o**3 + 13*o**2 + 22*o + 7. What are the prime factors of a(-10)?
3, 29
Suppose -4*t = -1204 + 432. Let l = -52 - t. List the prime factors of l/(-20) + (-1)/4.
2, 3
What are the prime factors of ((-163 - 0) + 1)/(-4 + 2)?
3
Let z = -1 - -3. What are the prime factors of z?
2
Suppose -181 - 37 = -f + 4*j, 0 = -4*f - j + 838. List the prime factors of f.
2, 3, 5, 7
Let q(b) = b**3 + 5*b**2 - 3*b - 7. Suppose 5*t - 5*w + w = -9, 0 = 5*t + 2*w + 33. What are the prime factors of q(t)?
2
Let k(c) = -c**2 + 3*c + 5*c - 5 - 3. Let v be k(6). Suppose -3*n - 25 = -2*y, -3*y + 21 = -v*n - 14. List the prime factors of y.
5
What are the prime factors of -2 + (2 - (-2 + -2))?
2
Suppose x + 1 + 0 = 0. Let t(i) = -4*i**3 - 2*i**2 + 0*i**3 + 1 - 14*i**3. What are the prime factors of t(x)?
17
Let a = 12 - 4. Suppose 0 = -a*r + 6*r + 50. List the prime factors of r.
5
List the prime factors of ((-180)/35)/((-6)/28).
2, 3
Suppose -7*y - 17 + 220 = 0. What are the prime factors of y?
29
Let w = -8 - -11. Suppose -3*n + 5 = -3*g - 7*n, n = 1. Let m = w - g. What are the prime factors of m?
2, 3
Suppose 5*k + 199 = 1314. List the prime factors of k.
223
Suppose s - 7*s = -678. What are the prime factors of s?
113
Suppose 3*y - d = 31, 0*d = 3*y + 2*d - 28. Let s = y - 5. List the prime factors of s.
5
List the prime factors of 9/2*342/27.
3, 19
Let b = 69 - -10. What are the prime factors of b?
79
Let z be 0 + 1 + 8/(-4). Let n be 2 + 8 + z + 2. Suppose f + 1 = n. List the prime factors of f.
2, 5
Let c(u) = 2*u**3 - 4*u**2 + 2. Let d be c(3). Suppose 3*b - d = -2*b. What are the prime factors of b?
2
Suppose 14*y - 10*y = 320. What are the prime factors of y?
2, 5
Let f(x) = -x**2. Let l(h) = 3*h**2 + 10*h - 7. Let u(q) = 2*f(q) + l(q). List the prime factors of u(-11).
2
Let f = 2 + -10. Let j = f - -18. What are the prime factors of 5/j + (-30)/(-4)?
2
Let n be (-1)/(((-1)/11)/1). Let f(i) = i**2 - 10*i - 4. List the prime factors of f(n).
7
List the prime factors of 10/35 - 12/(-7).
2
Let q(d) = d**2 + 4*d + 2. Let c be q(-4). Let u(z) = -z**2 - z + 1. Let r(w) = w**2 + 2*w - 2. Let p(l) = -2*r(l) - 3*u(l). List the prime factors of p(c).
3
Suppose -4*w - 3*o = -o - 308, 225 = 3*w + 3*o. List the prime factors of w.
79
Let x be 45/12 - (-1)/4. Suppose x*t - 2*j = 2*t + 2, -3*t - 4*j = 18. What are the prime factors of t + ((-3)/3 - -15)?
2, 3
Suppose -229 + 59 = -10*l. List the prime factors of l.
17
Let z(i) = i**2 - 12*i + 27. List the prime factors of z(11).
2
Let f be 10/4*80/50. Let k(r) = 2*r**3 - 7*r**2 - 2*r - 2. What are the prime factors of k(f)?
2, 3
Suppose -12 = -3*w, 4*j + 4*w = -j + 1. Let q(b) = 52 + 49 - 99 + 2*b**2. List the prime factors of q(j).
2, 5
Let h = 1 + 2. Suppose h*d - 37 = -7. List the prime factors of d.
2, 5
Let n(p) = -p**3 - 6*p**2 - 6*p - 7. Let j be n(-5). Let w be (9/3 + j)*-1. What are the prime factors of (-1 - 0)*8/w?
2
Suppose 0*b = b - 11. Suppose 12 - 47 = -5*o. Let l = b - o. What are the prime factors of l?
2
What are the prime factors of 0 - 6/2*(-79)/3?
79
Suppose -3*w - 5*o + 533 = 0, -2*w + 6*w + o - 705 = 0. List the prime factors of w.
2, 11
Let d(t) = -t**2 + 9*t - 8. What are the prime factors of d(6)?
2, 5
Let w = 168 - 118. Suppose -w = -4*r - r. What are the prime factors of r?
2, 5
Let i = -20 + 13. Let f(k) be the first derivative of k**4/4 + 7*k**3/3 - k**2 - 9*k - 1. List the prime factors of f(i).
5
Suppose -42 + 307 = 5*y. List the prime factors of y.
53
Let x(b) = b + 8. What are the prime factors of x(-4)?
2
Suppose -9 = -5*o - m, 0*m = 2*o + 4*m. List the prime factors of o.
2
Suppose 4*g = -0*g. Suppose -o + 2*o = g. Suppose -2*w + w + 9 = o. List the prime factors of w.
3
List the prime factors of 3 + -4 - -3 - -66.
2, 17
Suppose -3*a - r = r - 38, -5*a + r = -85. Suppose -2*u + f = -34, 0 = -3*u - f - 2*f + 33. List the prime factors of u/6*a/10.
2
Let j = -2 + -4. Suppose o = -4*c + 8, -5*c + 2*c + 2*o + 17 = 0. List the prime factors of 23/c - 2/j.
2
Let r(x) = 28*x**2 - 2*x + 1. What are the prime factors of r(1)?
3
Let n be 3 + (-1)/(3/3). Suppose n*x - 18 = -0. What are the prime factors of x?
3
List the prime factors of (1 + 0 + 3)*8.
2
Let f(h) = 10*h - 11. List the prime factors of f(7).
59
Suppose 4*f + s - 16 = -s, 2*f + 3*s - 16 = 0. Suppose 3*d = -f*d. Suppose 0 = -5*i + 25 - d. List the prime factors of i.
5
Let h = 3 - -1. Suppose 0 = -u - h*b - 10 + 29, u = -b + 28. What are the prime factors of u?
31
Suppose 3*z = -5*j + 3, -2*z + z - 4*j = -8. Let d(a) = -a**2 - a - 1. Let h be d(0). Let c = h - z. What are the prime factors of c?
3
Let b be 2 - (3 - 2) - -26. Suppose -g - 4*v - b + 11 = 0, 0 = -g - v - 4. Suppose -2*u = 4*l - 0*u - 30, g = -4*u - 12. List the prime factors of l.
3
List the prime factors of 13/((-364)/(-24))*7.
2, 3
Suppose 2*m - 8 = -2*v, 2*v - 3*m = -v + 12. Let h = v - 2. Suppose h - 4 = -z. What are the prime factors of z?
2
Suppose -8*b - 5*n = -4*b + 17, -5*n = -5*b + 35. Suppose b*k + k - 5 = a, -a = 2*k - 10. List the prime factors of k.
3
Let l(s) = s**2 + 5*s - 6. Let j be l(-6). Let q = j + -3. What are the prime factors of (q/3)/(2/(-22))?
11
Let v = 51 + -6. List the prime factors of v.
3, 5
Let v be ((-2)/(-6))/((-5)/(-15)). Suppose -d + 8 = v. What are the prime factors of d?
7
Suppose -2*p + 34 = -112. What are the prime factors of p?
73
Suppose 5*h - 2*x + 1 + 7 = 0, -3*x = 4*h - 12. Let r = h + 1. List the prime factors of 1 - -7 - r/1.
7
Let t(q) be the first derivative of -q**3/3 + 7*q**2/2 + 9*q - 4. List the prime factors of t(7).
3
Suppose 3*b - b = 2. Let k be (-16)/3 - b/(-3). Let u = 7 + k. List the prime factors of u.
2
Suppose 0 = x - 2*x. Suppose -5*m - 49 = -3*a, 0 = -x*a - 2*a + 4*m + 32. What are the prime factors of a?
2, 3
Let w(n) = -2*n - 4. Let h be w(-7). Let x = h + 13. What are the prime factors of x?
23
Suppose 2*w = -4*o + 6, -3*w + 10 = -w + 3*o. What are the prime factors of w?
11
Let a(v) = v**2 + 3*v + 4. Let k(o) = o - 1. Let w be k(7). Let s be a(w). Suppose 6 = 4*p - s. What are the prime factors of p?
2
What are the prime factors of 31 + -17 + (0 - 3)?
11
Let s be 2/5 - 43/(-5). Suppose -s = -3*p + 2*p. What are the prime factors of p?
3
Let l(s) = s**3 + 4*s**2 - 6 + 9*s**2 + 8*s - 2*s**2. List the prime factors of l(-10).
2, 7
Suppose -9*a + 92 = -5*a. Suppose a = -5*r - 17. Let i = r - -10. What are the prime factors of i?
2
Let w be 4/26 - 259/(-91). Suppose -6 + 30 = w*o. What are the prime factors of o?
2
Let d = -13 - -22. Suppose 0 = 4*k - d*k + 75. Suppose -4*s = s - k. What are the prime factors of s?
3
Let o = 11 + -3. Suppose 0 = -0*h + h - o. List the prime factors of h.
2
Suppose 0 = 9*v - 4*v - 495. List the prime factors of v.
3, 11
Let j(u) be the third derivative of 1/15*u**5 - 3*u**2 + 1/120*u**6 + 1/8*u**4 + 0 + 0*u + 0*u**3. What are the prime factors of j(-2)?
2
Suppose 2*t + 4 + 2 = 0. Let y = 0 - t. What are the prime factors of y?
3
Let y = 4 - -1. Let b = y - -24. What are the prime factors of b?
29
Let p(t) = t**2 - t - 2. Let g be p(2). Suppose g = -5*v - 0*v. Suppose a = 4*a - 15, -5*d - 4*a + 115 = v. What are the prime factors of d?
19
Suppose -6*w + w = 0. Suppose 2*g - 36 + 6 = w. What are the prime factors of g?
3, 5
Let a(w) = w**2 - w + 6. What are the prime factors of a(-4)?
2, 13
Suppose 6*h - 3 = 5*h. Suppose i - h*i + 8 = 0. What are the prime factors of i?
2
Suppose 107 = d + 34. What are the prime factors of d?
73
Suppose 2*k - 1 = -5*c, -2*k + 2*c = -c - 9. Suppose k*w + f - 18 = 0, 0*w - 5*f + 5 = -2*w. What are the prime factors of w?
5
Let g(i) = i**2 + 6*i + 5. Let f be g(-6). Suppose -64 - 41 = -5*r - f*d, 19 = r + 3*d. List the prime factors of r.
2, 11
Let f = 171 + -96. List the prime factors of f.
3, 5
Suppose 0 = -n + 315 - 69. What are the prime